{"id":14,"date":"2016-04-03T06:07:12","date_gmt":"2016-04-03T05:07:12","guid":{"rendered":"http:\/\/amapassionduloir.lafermedespetitspas.fr\/?page_id=14"},"modified":"2023-08-27T06:42:54","modified_gmt":"2023-08-27T05:42:54","slug":"accueil","status":"publish","type":"page","link":"http:\/\/amapassionduloir.lafermedespetitspas.fr\/","title":{"rendered":"Accueil"},"content":{"rendered":"<div class=\"entry-content\">\n<h2>Bienvenue sur le site de l\u2019association A MA Passion du Loir !<\/h2>\n<p>A MA Passion du Loir a pour objet, dans le respect de la <a href=\"http:\/\/miramap.org\/La-charte-des-AMAP.html\">charte des AMAP<\/a> (association de maintien d&rsquo;une agriculture paysanne) :<\/p>\n<ul>\n<li>de rendre accessible une alimentation locale de qualit\u00e9 \u00e0 un prix juste et \u00e9quitable, les producteurs partenaires devant respecter le cahier des charges de l\u2019agriculture biologique\u00a0;<\/li>\n<li>de favoriser le lien social et promouvoir l\u2019\u00e9cologie\u00a0;<\/li>\n<li>de contribuer au d\u00e9veloppement d\u2019une agriculture paysanne de proximit\u00e9 sur le territoire.<\/li>\n<\/ul>\n<p>Vous pouvez nous contacter \u00e0 l\u2019adresse suivante :<\/p>\n<p style=\"text-align: center;\"><a href=\"mailto:contact.amapassionduloir@gmail.com\">contact.amapassionduloir@gmail.com<\/a><\/p>\n<\/div>\n<p style=\"text-align: center;\"><img decoding=\"async\" loading=\"lazy\" class=\"aligncenter wp-image-74 size-medium\" src=\"http:\/\/amapassionduloir.lafermedespetitspas.fr\/wp-content\/uploads\/2016\/04\/dessin-amap-300x210.jpg\" alt=\"AMAP\" width=\"300\" height=\"210\" srcset=\"http:\/\/amapassionduloir.lafermedespetitspas.fr\/wp-content\/uploads\/2016\/04\/dessin-amap-300x210.jpg 300w, http:\/\/amapassionduloir.lafermedespetitspas.fr\/wp-content\/uploads\/2016\/04\/dessin-amap-150x105.jpg 150w, http:\/\/amapassionduloir.lafermedespetitspas.fr\/wp-content\/uploads\/2016\/04\/dessin-amap.jpg 429w\" sizes=\"(max-width: 300px) 100vw, 300px\" \/><\/p>\n<p style=\"text-align: center;\">\n","protected":false},"excerpt":{"rendered":"<p>Bienvenue sur le site de l\u2019association A MA Passion du Loir ! A MA Passion du Loir a pour objet, dans le respect de la charte des AMAP (association de maintien d&rsquo;une agriculture paysanne) : de rendre accessible une alimentation locale de qualit\u00e9 \u00e0 un prix juste et \u00e9quitable, les producteurs partenaires devant respecter le [&hellip;]<\/p>\n","protected":false},"author":1,"featured_media":0,"parent":0,"menu_order":0,"comment_status":"closed","ping_status":"closed","template":"","meta":[],"_links":{"self":[{"href":"http:\/\/amapassionduloir.lafermedespetitspas.fr\/index.php?rest_route=\/wp\/v2\/pages\/14"}],"collection":[{"href":"http:\/\/amapassionduloir.lafermedespetitspas.fr\/index.php?rest_route=\/wp\/v2\/pages"}],"about":[{"href":"http:\/\/amapassionduloir.lafermedespetitspas.fr\/index.php?rest_route=\/wp\/v2\/types\/page"}],"author":[{"embeddable":true,"href":"http:\/\/amapassionduloir.lafermedespetitspas.fr\/index.php?rest_route=\/wp\/v2\/users\/1"}],"replies":[{"embeddable":true,"href":"http:\/\/amapassionduloir.lafermedespetitspas.fr\/index.php?rest_route=%2Fwp%2Fv2%2Fcomments&post=14"}],"version-history":[{"count":3,"href":"http:\/\/amapassionduloir.lafermedespetitspas.fr\/index.php?rest_route=\/wp\/v2\/pages\/14\/revisions"}],"predecessor-version":[{"id":76,"href":"http:\/\/amapassionduloir.lafermedespetitspas.fr\/index.php?rest_route=\/wp\/v2\/pages\/14\/revisions\/76"}],"wp:attachment":[{"href":"http:\/\/amapassionduloir.lafermedespetitspas.fr\/index.php?rest_route=%2Fwp%2Fv2%2Fmedia&parent=14"}],"curies":[{"name":"wp","href":"https:\/\/api.w.org\/{rel}","templated":true}]}}