{"id":28,"date":"2016-04-03T06:15:54","date_gmt":"2016-04-03T05:15:54","guid":{"rendered":"http:\/\/amapassionduloir.lafermedespetitspas.fr\/?page_id=28"},"modified":"2016-04-03T08:49:07","modified_gmt":"2016-04-03T07:49:07","slug":"fonctionnement","status":"publish","type":"page","link":"http:\/\/amapassionduloir.lafermedespetitspas.fr\/?page_id=28","title":{"rendered":"Fonctionnement"},"content":{"rendered":"<p>&nbsp;<\/p>\n<p>L&rsquo;AMAP est le partenariat qui lie notre groupe de consom&rsquo;acteurs \u00e0 chaque producteur. <strong>Une AMAP n&rsquo;est pas un interm\u00e9diaire commercial<\/strong> entre les consommateurs et l&rsquo;agriculteur. Elle n&rsquo;assure pas d&rsquo;activit\u00e9 d&rsquo;argent entre les deux car celle-ci est contractualis\u00e9e directement entre les producteur-rice-s et le-la consommateur-rice, selon le r\u00e9gime de la vente directe c&rsquo;est-\u00e0-dire sans interm\u00e9diaire.<\/p>\n<p>Les b\u00e9n\u00e9voles de l&rsquo;association organisent le fonctionnement des activit\u00e9s, et notamment celles des livraisons. Pour cela, nous avons d\u00e9fini des r\u00f4les de <strong>r\u00e9f\u00e9rents<\/strong> &#8211; notamment pour assurer la relation avec les diff\u00e9rentes fermes.<\/p>\n","protected":false},"excerpt":{"rendered":"<p>&nbsp; L&rsquo;AMAP est le partenariat qui lie notre groupe de consom&rsquo;acteurs \u00e0 chaque producteur. Une AMAP n&rsquo;est pas un interm\u00e9diaire commercial entre les consommateurs et l&rsquo;agriculteur. Elle n&rsquo;assure pas d&rsquo;activit\u00e9 d&rsquo;argent entre les deux car celle-ci est contractualis\u00e9e directement entre les producteur-rice-s et le-la consommateur-rice, selon le r\u00e9gime de la vente directe c&rsquo;est-\u00e0-dire sans interm\u00e9diaire. [&hellip;]<\/p>\n","protected":false},"author":1,"featured_media":0,"parent":0,"menu_order":0,"comment_status":"closed","ping_status":"closed","template":"","meta":[],"_links":{"self":[{"href":"http:\/\/amapassionduloir.lafermedespetitspas.fr\/index.php?rest_route=\/wp\/v2\/pages\/28"}],"collection":[{"href":"http:\/\/amapassionduloir.lafermedespetitspas.fr\/index.php?rest_route=\/wp\/v2\/pages"}],"about":[{"href":"http:\/\/amapassionduloir.lafermedespetitspas.fr\/index.php?rest_route=\/wp\/v2\/types\/page"}],"author":[{"embeddable":true,"href":"http:\/\/amapassionduloir.lafermedespetitspas.fr\/index.php?rest_route=\/wp\/v2\/users\/1"}],"replies":[{"embeddable":true,"href":"http:\/\/amapassionduloir.lafermedespetitspas.fr\/index.php?rest_route=%2Fwp%2Fv2%2Fcomments&post=28"}],"version-history":[{"count":4,"href":"http:\/\/amapassionduloir.lafermedespetitspas.fr\/index.php?rest_route=\/wp\/v2\/pages\/28\/revisions"}],"predecessor-version":[{"id":57,"href":"http:\/\/amapassionduloir.lafermedespetitspas.fr\/index.php?rest_route=\/wp\/v2\/pages\/28\/revisions\/57"}],"wp:attachment":[{"href":"http:\/\/amapassionduloir.lafermedespetitspas.fr\/index.php?rest_route=%2Fwp%2Fv2%2Fmedia&parent=28"}],"curies":[{"name":"wp","href":"https:\/\/api.w.org\/{rel}","templated":true}]}}